{"id":9321,"date":"2026-02-27T16:37:14","date_gmt":"2026-02-27T14:37:14","guid":{"rendered":"https:\/\/craftandconcept.ch\/?page_id=9321"},"modified":"2026-03-06T16:17:38","modified_gmt":"2026-03-06T14:17:38","slug":"architecte-vevey","status":"publish","type":"page","link":"https:\/\/craftandconcept.ch\/fr\/nos-services\/architecte-vevey\/","title":{"rendered":"Architecte \u00e0 Vevey : sublimer vos espaces avec pr\u00e9cision et cr\u00e9ativit\u00e9"},"content":{"rendered":"","protected":false},"excerpt":{"rendered":"","protected":false},"author":8,"featured_media":0,"parent":8850,"menu_order":18,"comment_status":"closed","ping_status":"closed","template":"service-subpages-new.php","meta":{"footnotes":""},"class_list":["post-9321","page","type-page","status-publish","hentry"],"_links":{"self":[{"href":"https:\/\/craftandconcept.ch\/fr\/wp-json\/wp\/v2\/pages\/9321","targetHints":{"allow":["GET"]}}],"collection":[{"href":"https:\/\/craftandconcept.ch\/fr\/wp-json\/wp\/v2\/pages"}],"about":[{"href":"https:\/\/craftandconcept.ch\/fr\/wp-json\/wp\/v2\/types\/page"}],"author":[{"embeddable":true,"href":"https:\/\/craftandconcept.ch\/fr\/wp-json\/wp\/v2\/users\/8"}],"replies":[{"embeddable":true,"href":"https:\/\/craftandconcept.ch\/fr\/wp-json\/wp\/v2\/comments?post=9321"}],"version-history":[{"count":10,"href":"https:\/\/craftandconcept.ch\/fr\/wp-json\/wp\/v2\/pages\/9321\/revisions"}],"predecessor-version":[{"id":10522,"href":"https:\/\/craftandconcept.ch\/fr\/wp-json\/wp\/v2\/pages\/9321\/revisions\/10522"}],"up":[{"embeddable":true,"href":"https:\/\/craftandconcept.ch\/fr\/wp-json\/wp\/v2\/pages\/8850"}],"wp:attachment":[{"href":"https:\/\/craftandconcept.ch\/fr\/wp-json\/wp\/v2\/media?parent=9321"}],"curies":[{"name":"wp","href":"https:\/\/api.w.org\/{rel}","templated":true}]}}

Architecte à Vevey : sublimer vos espaces avec précision et créativité
