{"id":8972,"date":"2025-11-19T16:22:52","date_gmt":"2025-11-19T14:22:52","guid":{"rendered":"https:\/\/craftandconcept.ch\/?page_id=8972"},"modified":"2026-04-20T12:44:22","modified_gmt":"2026-04-20T09:44:22","slug":"architecture-interieur-geneve","status":"publish","type":"page","link":"https:\/\/craftandconcept.ch\/fr\/nos-services\/architecture-interieur-geneve\/","title":{"rendered":"Architecture d\u2019int\u00e9rieur Gen\u00e8ve : \u00e9l\u00e9gance, fonctionnalit\u00e9 et d\u00e9tail"},"content":{"rendered":"","protected":false},"excerpt":{"rendered":"","protected":false},"author":8,"featured_media":0,"parent":8850,"menu_order":15,"comment_status":"closed","ping_status":"closed","template":"service-subpages-new.php","meta":{"footnotes":""},"class_list":["post-8972","page","type-page","status-publish","hentry"],"_links":{"self":[{"href":"https:\/\/craftandconcept.ch\/fr\/wp-json\/wp\/v2\/pages\/8972","targetHints":{"allow":["GET"]}}],"collection":[{"href":"https:\/\/craftandconcept.ch\/fr\/wp-json\/wp\/v2\/pages"}],"about":[{"href":"https:\/\/craftandconcept.ch\/fr\/wp-json\/wp\/v2\/types\/page"}],"author":[{"embeddable":true,"href":"https:\/\/craftandconcept.ch\/fr\/wp-json\/wp\/v2\/users\/8"}],"replies":[{"embeddable":true,"href":"https:\/\/craftandconcept.ch\/fr\/wp-json\/wp\/v2\/comments?post=8972"}],"version-history":[{"count":15,"href":"https:\/\/craftandconcept.ch\/fr\/wp-json\/wp\/v2\/pages\/8972\/revisions"}],"predecessor-version":[{"id":11086,"href":"https:\/\/craftandconcept.ch\/fr\/wp-json\/wp\/v2\/pages\/8972\/revisions\/11086"}],"up":[{"embeddable":true,"href":"https:\/\/craftandconcept.ch\/fr\/wp-json\/wp\/v2\/pages\/8850"}],"wp:attachment":[{"href":"https:\/\/craftandconcept.ch\/fr\/wp-json\/wp\/v2\/media?parent=8972"}],"curies":[{"name":"wp","href":"https:\/\/api.w.org\/{rel}","templated":true}]}}

Architecture d’intérieur Genève : élégance, fonctionnalité et détail
