{"id":8960,"date":"2025-11-19T15:56:57","date_gmt":"2025-11-19T13:56:57","guid":{"rendered":"https:\/\/craftandconcept.ch\/?page_id=8960"},"modified":"2026-04-20T15:43:38","modified_gmt":"2026-04-20T12:43:38","slug":"architecte-interieur-lausanne","status":"publish","type":"page","link":"https:\/\/craftandconcept.ch\/fr\/nos-services\/architecte-interieur-lausanne\/","title":{"rendered":"Architecte d\u2019int\u00e9rieur \u00e0 Lausanne : design, pr\u00e9cision et \u00e9l\u00e9gance"},"content":{"rendered":"","protected":false},"excerpt":{"rendered":"","protected":false},"author":8,"featured_media":0,"parent":8850,"menu_order":13,"comment_status":"closed","ping_status":"closed","template":"service-subpages-new.php","meta":{"footnotes":""},"class_list":["post-8960","page","type-page","status-publish","hentry"],"_links":{"self":[{"href":"https:\/\/craftandconcept.ch\/fr\/wp-json\/wp\/v2\/pages\/8960","targetHints":{"allow":["GET"]}}],"collection":[{"href":"https:\/\/craftandconcept.ch\/fr\/wp-json\/wp\/v2\/pages"}],"about":[{"href":"https:\/\/craftandconcept.ch\/fr\/wp-json\/wp\/v2\/types\/page"}],"author":[{"embeddable":true,"href":"https:\/\/craftandconcept.ch\/fr\/wp-json\/wp\/v2\/users\/8"}],"replies":[{"embeddable":true,"href":"https:\/\/craftandconcept.ch\/fr\/wp-json\/wp\/v2\/comments?post=8960"}],"version-history":[{"count":21,"href":"https:\/\/craftandconcept.ch\/fr\/wp-json\/wp\/v2\/pages\/8960\/revisions"}],"predecessor-version":[{"id":11093,"href":"https:\/\/craftandconcept.ch\/fr\/wp-json\/wp\/v2\/pages\/8960\/revisions\/11093"}],"up":[{"embeddable":true,"href":"https:\/\/craftandconcept.ch\/fr\/wp-json\/wp\/v2\/pages\/8850"}],"wp:attachment":[{"href":"https:\/\/craftandconcept.ch\/fr\/wp-json\/wp\/v2\/media?parent=8960"}],"curies":[{"name":"wp","href":"https:\/\/api.w.org\/{rel}","templated":true}]}}

Architecte d’intérieur à Lausanne : design, précision et élégance
